.
-26
Evaluate -608 + 572 - (-20 - -72).
-88
-1 + -84 - (-53 - 15 - -35 - -17)
-69
42 + (-30 - (-6 - 27)) + (-2 - (6 + 0))
37
What is the value of -10 + (-12 - 17) + 16 + 11?
-12
What is -3 + 4 + -3 + (-8 - -7) + -23?
-26
Evaluate 26 - -8 - (-71 - -176).
-71
Calculate -293 + 294 - ((-1 - -3) + 34).
-35
Calculate (-4 - (-4 + -4)) + (19 - 30 - 5).
-12
What is the value of (-24 - -38) + -12 - ((-5 - -7) + -18)?
18
23 - (5 + (13 - 2) + 18)
-11
Evaluate (-13 - ((-6 - 5) + 5)) + 7 + -27.
-27
What is the value of -61 - -49 - 39 - -51?
0
Evaluate 1 - ((14 - 7) + 29) - (5 + -3).
-37
What is the value of 1222 + -1254 - (1 - 1 - 0)?
-32
Calculate -7280 - -7270 - (2 + (-1 + 0 - -2)).
-13
What is the value of 24 + -27 - 42 - (-2 + 5)?
-48
Evaluate -16 - (-1 - (-41 + 0) - (94 - 88)).
-50
Evaluate -1 + (-3 - -14) + (74 - (-47 + 103)).
28
Calculate -1 + 83 - (-11 + -41 + 6 + 26).
102
What is the value of (128 - 65) + 11 + (-5 - 0) + 8 + -9?
68
What is (-45 - (-13 + -38)) + (-6 - -25 - -1)?
26
Evaluate -39 - (-247 + 249 - (3 - (-2 - 8))).
-28
What is the value of (-7 - 5) + -102 + 55?
-59
Evaluate -9 + (7 - (9 - (-11 - -30) - -15)) - 3.
-10
Calculate (-35 - 10) + (-7 - -1 - (-4 + 11)).
-58
-11 + 1 + (2 - -21) - (-5 - 0 - -11)
7
What is the value of (9 - 1) + -6 + (-2 - -1) + (4 - -71)?
76
What is -4 + (23 - -22) + (4 - 1) + (13 - 23)?
34
What is the value of 52 - (-53 + -60 + 141)?
24
Evaluate (45 - (-24 + 107)) + 23.
-15
Calculate -40 + ((-8 - (-15 + 15)) + 14 - (0 + -7)).
-27
What is (-75 - -24) + 61 + -37?
-27
Calculate -5 + -5 - (-290 - -320).
-40
What is -14 + (10 - 1 - (4 - 1)) - -10?
2
1 + 0 + -44 - (49 + 43 + -101)
-34
What is the value of 152 + 2 - (-18405 - -18587)?
-28
Calculate -16 + (11 - (-7 + -3)) + -16 - -77.
66
Calculate -109 + 107 + (7 - (68 - (-11 - -4))).
-70
Evaluate 32 + (-7 - 32 - (-22 - 3)).
18
13 + 58 - 120 - -25
-24
27 - (-57 - -40 - -34 - (13 - 2)) - 8
13
Evaluate -135 - 2 - (-12163 - -12023).
3
Calculate -11 + (-5 - -16) + (5 - 13) - -111.
103
What is the value of 1 + -1 + -1 - (-439 + 484 - (5 - 1))?
-42
(11 - (28 + -26 - -70)) + (-1 - 2)
-64
Evaluate 29 + -33 + 88 + -136.
-52
What is 84 + 32 + -56 + -169?
-109
Evaluate (10 - -2) + -157 + 214 - ((-4 - 3) + -2).
78
Evaluate (-1 + -6 - 4) + -31 + 15 + -25.
-52
(4 - 13 - (-4 - 44)) + (-4 - 9)
26
Calculate (-65 - (2 + 2 - -6)) + -1 + 14.
-62
What is the value of 17 + (-32 - -25) + (11 - -2)?
23
-7 + (-21 - (-25 + 10) - 13)
-26
What is the value of -18 + 7 + 14 - (-6 + (10 - 0))?
-1
Evaluate (9 + 30 - 0) + (-9 - 109).
-79
What is (2 - 6) + 22 + 13 + -9 + -21?
1
What is -5 + 0 + (2 - 48) - ((16 - 21) + 12)?
-58
Calculate 0 - 50 - (0 + (-2 - -4) + (148 - 148)).
-52
What is (5 + (0 - 2) - (-193 - -201)) + (-26 - 2)?
-33
Evaluate (184 + -12 + -31 - 6) + -19.
116
16 + 56 + -4 - 39
29
Evaluate (9 - 4) + -14 - (-95 - (-2 + 35 + -14)).
105
What is 34 + 1 - ((32 - 66) + 56) - -98?
111
Evaluate -28 + (-2 + 52 - -24).
46
-45 - ((-16 - 54) + 22) - (97 - (-2 + 4))
-92
Evaluate (-7 + 2 - -59) + -28 + (15 - -24).
65
29 - (-15 - (65 + -141))
-32
Calculate (35 - (64 - 22)) + 8 - 69.
-68
What is the value of (45 - 39) + -6 - -22?
22
Evaluate -27 - (-160 + 9 - (25 + -60)).
89
Evaluate 13 - (-7 + 9) - (65 + (-1 - 2 - 0)).
-51
What is -79 - (-128 + 116 + -54)?
-13
What is -46 - (30 - 60 - 14)?
-2
What is the value of (-40 + 8 - -35) + (-3 - 1)?
-1
What is (347 - 336) + 1 + (-15 - -3) - -38?
38
What is -75 + -2 + 14 + 109 + -117?
-71
What is -66 + 10 - (-56 + 26) - 43?
-69
What is the value of 29 + 8 + -33 + -44?
-40
What is (-1351 - -1351) + (2 + 4 - -115)?
121
What is -79 - (-105 + (58 - -42))?
-74
Evaluate -2 - -8 - (13 - (12 + -13) - -5) - -8.
-5
What is the value of -2 + (5 - 2) + -1 + 16 + -18?
-2
Calculate 10 + (-2 - 20) - (7 + -8 - -68).
-79
(89 - 75) + (1 - 2 - -15)
28
Evaluate (-18 - (-104 - -95)) + 3 + -55.
-61
What is the value of -53 + 35 + 15 + 3?
0
6 + (-6 - -1) + 7 - (-6 + 14 - 33)
33
What is (-82 - 9) + (-16 - -160)?
53
Calculate 114 - (-46 + 98 + -29 + -15).
106
Evaluate 48 - (-16 + -4 + 9 + 17).
42
What is 56 + -154 + (-100 - -108)?
-90
What is 14 + (-21 - -20 - 19) - -13?
7
Evaluate (-1 + 2 - (3 - 5)) + (-401 - -416) + 27.
45
What is (-7 - (2 - 2)) + (5 - -2) + -16 + 54?
38
Evaluate -78 - (-108 + 157) - -22.
-105
What is the value of -8 + 62 - 19 - (-9 + 13 - -2)?
29
What is the value of 12 + ((-67 - (-101 - -23)) + -1 + -5 - 78)?
-61
What is (-3 - (-1 + -11)) + -2 + 6 + -40 + 6?
-21
What is the value of 95 + 6 - (-46 - -84)?
63
(-17 - 0) + 42 + (72 + -39 - 54)
4
93 + (234 + -124 - 57)
146
Calculate (20 - 17) + -3 + 67 + (20 - 11).
76
Calculate 7 + (-14 - -10) + 6 - 40.
-31
Evaluate (-247 + 240 - (-6 - 0)) + (-12 - -4) + -2.
-11
Evaluate -22 + 93 + -99 + (1 - -27).
0
Evaluate (7 - (5 + 1)) + (-38 + 26 - -2).
-9
Evaluate -2 + 6 - -33 - (-1168 - -1153).
52
Calculate (2 - 1) + -19 - (-1641 - -1649).
-26
What is 106 + 67 + -63 - 205?
-95
Evaluate (1 - 9 - -49) + 6 + -7 - (-1 - 3).
44
Calculate -36 + 1 + -4 - (-86 - -46).
1
Calculate 72 + -62 + 34 - 51.
-7
-3 + (-20 - 13 - -11)
-25
What is 12 + (-18 - (-5 - -16)) + -24?
-41
What is the value of 31 + 21 + -154 + 163?
61
What is the value of -13 + (-7 - -16 - (8 + 15 + -12))?
-15
Calculate 14 + (-13 - (36 + -4)) - -92.
61
Calculate -79 + 0 - ((-320 - -196) + 148).
-103
83 - (14 - (-44 + 25))
50
-9 + 19 + (3 - 40)
-27
What is -2 - (77 + -35 + (-43 - -54) + (2 - 1))?
-56
What is -5472 + 5419 - (1 - 33)?
-21
What is the value of (-10 + 58 - -18) + -19?
47
What is 5 + 0 + 4 + (-6 - -2) + -28?
-23
What is the value of 50 - (28 + 1 + (25 - 43))?
39
What is the value of (177 - 155) + -4 + 5 + 1 + -4?
20
Calculate 64 + (21 - -36) + (-7 - 21).
93
What is the value of ((-15 - -7) + -4 - 18) + 15?
-15
What is the value of (18 + -10 + (-9 - -15) - (8 - 1)) + -73?
-66
What is the value of -11 - (-9 + -3) - 21 - 24?
-44
What is 6 - (16 - (7 + 15) - -15 - 50)?
47
Evaluate -73 - ((133 - 285) + 140).
-61
Evaluate (-7 + 47 - (13 + 4)) + 16.
39
8 + 0 + (46 - 40 - 11)
3
(26 - 26) + (0 + 11 + -56 - 3)
-48
Evaluate (17 - (21 - 47)) + (41 - 71).
13
Evaluate (100 - 94) + -22 + (-61 + -1 - -1).
-77
Evaluate -26 + -19 - -15 - (-22 - -3).
-11
6 + 75 + -7 + -49
25
Calculate -53 + 39 + 19 + -16.
-11
What is the value of 10 + 35 + -6 + -8 + -154 + (-6 - -1)?
-128
Evaluate (1037 - 988) + (-45 - 1) - (1 - -33).
-31
What is the value of (1 - (-21 - 1)) + (-23 - (78 + -97))?
19
Evaluate -1 + 17 + (4 + -6 + -9 - -3).
8
What is (7 - 32) + 12 + -13 - (7 - 9)?
-24
72 - 109 - (7 - (9 + -1))
-36
Evaluate (-38 - -7) + 43 - -7.
19
53 - 53 - (3 - (2 + 38)) - 10
27
(-48 - (48 - 145)) + -41
8
Calculate (20 - 14) + 1 - 13.
-6
-1 - -26 - (114 - (-80 + 207))
38
-12 - (1 + 3 + -7 + (-46 - 3) + -48)
88
What is -30 + -44 + 45 - -65?
36
Calculate (9 + (2 - -7) + -7 - 7) + 24.
28
What is the value of -324 + 218 + -128 - -140?
-94
What is -89 + 2 - (35 + 8 + -36 - 5)?
-89
(19 - 61) + (36 - 16)
-22
Evaluate (-11 - (0 + 2)) + (-12 - -54) + 23.
52
What is -8 - -39 - (29 + 12)?
-10
Calculate 7 - ((9 - ((-23 - -11) + 55)) + 3 + -3).
41
Evaluate 79 + 3 - (7 + (-13 - (5 + 6)) + 11).
88
Evaluate -2386 + 2329 + (2 - (4 + -2 + -1)).
-56
Evaluate (26 - (78 + -14)) + 77.
39
Evaluate (0 - 1) + 25 + 3385 + -3358.
51
Calculate (28 - -87 - 153) + 1 + 5.
-32
What is 1653 + -1606 + -15 + 2?
34
-5 - (37 - 1 - (87 + -74))
-28
1 + -15 - -6 - (69 - 28 - -1)
-50
Calculate -98 + (-16 + 18 - ((-168 - -188) + 0 + -12)).
-104
What is ((4 - 1) + -3 - 33) + -84 + 72?
-45
What is the value of 4 + (9 - 1) + (-93 - -18)?
-63
What is the value of -148 - -173 - (-2 + -10 - -45)?
-8
What is -6 + 0 + -19 + -33 + 10 + 13?
-35
What is the value of (173 - 15) + (-574 - -519)?
103
What is the value of 0 - (5 - (-5 + 3 + 1) - (286 + -395))?
-115
Calculate 132 + 15 + (15 - -3) + -47 + 12.
130
What is the value of (-1 - -35) + 47 + -92 + 52?
41
What is 200 + -157 + (-21 - -74)?
96
Evaluate -7 + 23 + (16 + -14 - 3 - 9) + 1.
7
What is 34 - (-2 - -171 - (-108 - -109))?
-134
Evaluate -2 - -6 - (-1 + 2) - (21 - 45 - -12).
15
-3 + -5 + 5 + -101 + (7 - 3 - -5)
-95
-39 + (115 - 111 - (14 - 6 - 18))
-25
What is -7 - (10 - (-10 - 3)) - 2?
-32
Calculate (-62 + -6 - -6 - (16 + (-43 - -21))) + 10.
-46
(-17 + -19 - 27) + 28
-35
What is (-1 - (11 + 2